ue
Does 34 divide 23714045?
False
Does 2399 divide 1514183212?
False
Is 38 a factor of 413777820?
True
Is 18 a factor of 122570244?
True
Does 1306 divide 12404314?
False
Is 329909845 even?
False
Is 4 a factor of 542949632?
True
Is 115224423 a multiple of 70?
False
Does 8928 divide 5219201664?
True
Is 60 a factor of 301867920?
True
Does 14 divide 79525460?
True
Does 35 divide 457276645?
True
Does 56 divide 42954648?
False
Is 26245619 a multiple of 133?
False
Is 126 a factor of 26339544?
True
Does 756 divide 14735952?
True
Does 85 divide 5383560?
True
Is 822 a factor of 700264383?
False
Is 1908943700 a multiple of 386?
True
Does 15 divide 20355837?
False
Does 1826 divide 73012610?
True
Does 12 divide 27961423?
False
Is 59 a factor of 3373971109?
True
Does 16 divide 223591881?
False
Does 43 divide 1188405620?
True
Is 6 a factor of 8962217?
False
Does 13 divide 576356600?
False
Does 13 divide 975637961?
False
Is 114620319 a multiple of 149?
False
Does 22 divide 19815554?
True
Does 39 divide 340493035?
False
Is 2710847328 a multiple of 31?
True
Is 683 a factor of 1255573243?
True
Is 1815757608 a multiple of 889?
True
Does 20 divide 893991600?
True
Does 22 divide 2158457070?
True
Is 143367802 a multiple of 484?
False
Is 17 a factor of 203637611?
True
Is 569463397 a multiple of 26?
False
Does 42 divide 112349219?
False
Is 37500999 a multiple of 58?
False
Does 9387 divide 67910146?
False
Is 81416280 a multiple of 440?
True
Is 70884954 a multiple of 21?
True
Does 246 divide 347024820?
True
Is 26 a factor of 8531450?
False
Does 14 divide 72547090?
True
Is 83 a factor of 3472071770?
True
Is 694376895 a multiple of 15?
True
Is 2500444 a multiple of 4?
True
Does 48 divide 103670287?
False
Is 1143 a factor of 262659114?
True
Is 2577970477 a multiple of 198?
False
Is 3252 a factor of 1248068820?
True
Is 364770084 a multiple of 2338?
True
Does 17 divide 2444058338?
False
Does 44 divide 2851948?
True
Does 110 divide 150312360?
True
Is 23940614 a multiple of 2?
True
Does 6 divide 151302156?
True
Is 1056555 a multiple of 5?
True
Is 14 a factor of 14143319?
False
Does 876 divide 132105603?
False
Does 200 divide 150023523?
False
Is 1226883991 a multiple of 225?
False
Does 1291 divide 3006808839?
False
Is 14 a factor of 71189595?
False
Does 510 divide 22563420?
True
Does 1022 divide 27604220?
True
Is 84147624 a multiple of 3258?
True
Is 11 a factor of 189750604?
False
Does 31 divide 18794486?
False
Is 1783544 a multiple of 6?
False
Is 53 a factor of 32259965?
False
Is 2182 a factor of 1019052914?
True
Is 139551192 a multiple of 5?
False
Does 19 divide 1982283201?
False
Is 3560006 even?
True
Does 822 divide 1010826062?
False
Does 87 divide 424361259?
False
Does 1307 divide 990871989?
True
Is 21 a factor of 6091952?
False
Is 1367 a factor of 1385720?
False
Is 152253370 a multiple of 16?
False
Is 113352943 even?
False
Does 107 divide 1434849349?
True
Does 2 divide 4557458?
True
Is 48 a factor of 1984483749?
False
Is 65700969 a multiple of 712?
False
Does 4298 divide 367805648?
True
Is 1632 a factor of 173796576?
True
Is 391753985 a multiple of 35?
True
Is 709002456 a multiple of 2594?
True
Does 1488 divide 180080321?
False
Is 634733904 a multiple of 84?
True
Is 580728435 a multiple of 2653?
True
Is 1025114086 a multiple of 733?
False
Does 3268 divide 11075520?
False
Does 15 divide 30644591?
False
Does 7 divide 133797441?
False
Is 106663653 a multiple of 93?
True
Does 24 divide 460697280?
True
Does 24 divide 69513528?
True
Is 13 a factor of 347587957?
False
Is 1680 a factor of 60207840?
True
Is 2516 a factor of 175896076?
True
Is 39 a factor of 779014371?
False
Does 4552 divide 114252012?
False
Does 26 divide 1679565132?
False
Is 8 a factor of 182168976?
True
Is 392547424 a multiple of 8?
True
Does 29 divide 37263695?
True
Does 76 divide 95177840?
True
Is 20126512 a multiple of 2531?
True
Does 1147 divide 100151452?
True
Does 25 divide 60715199?
False
Is 17 a factor of 25324293?
False
Does 1588 divide 372556?
False
Does 63 divide 29757800?
False
Is 1514 a factor of 7398918?
True
Is 21513924 a multiple of 12?
True
Does 61 divide 15617108?
False
Does 2972 divide 987485636?
True
Does 27 divide 2714005636?
False
Is 72 a factor of 15737392?
False
Does 1171 divide 215488591?
True
Is 143896635 a multiple of 15?
True
Is 69 a factor of 15810230?
False
Does 1845 divide 73652873?
False
Is 62138636 a multiple of 1451?
False
Does 6 divide 25050373?
False
Does 9 divide 80300286?
True
Does 79 divide 33011809?
True
Does 6 divide 39994260?
True
Does 12 divide 40506896?
False
Is 529 a factor of 84471249?
True
Is 20606374 a multiple of 821?
False
Is 20 a factor of 366894140?
True
Is 352 a factor of 35444082?
False
Is 495134776 a multiple of 519?
False
Is 39822318 a multiple of 3?
True
Is 31990348 a multiple of 148?
True
Is 3 a factor of 30397938?
True
Does 195 divide 2772477964?
False
Does 88 divide 589079405?
False
Does 10 divide 17014170?
True
Is 3235042 a multiple of 120?
False
Is 3968 a factor of 465081344?
True
Is 3199 a factor of 369119814?
True
Is 13 a factor of 1318700230?
False
Does 4 divide 72208428?
True
Does 51 divide 78495731?
False
Is 159 a factor of 40475348?
False
Is 12 a factor of 132926140?
False
Does 1219 divide 484177048?
True
Does 15 divide 17157930?
True
Is 1176653084 a multiple of 47?
True
Does 789 divide 793913933?
False
Is 2 a factor of 5407803?
False
Is 284166647 a multiple of 4?
False
Does 11 divide 408461623?
False
Is 23164730 a multiple of 327?
False
Is 787582 a multiple of 1073?
True
Does 34 divide 16051094?
True
Is 572301270 a multiple of 15?
True
Is 3555409824 a multiple of 843?
True
Is 46601595 a multiple of 27?
True
Does 365 divide 44187265?
True
Is 85 a factor of 2195057?
False
Is 1257306 a multiple of 3?
True
Is 42 a factor of 27366444?
True
Does 292 divide 78695486?
False
Does 3 divide 1759900311?
True
Does 69 divide 4596711?
True
Does 3483 divide 342863037?
True
Does 270 divide 54962404?
False
Is 23 a factor of 9654917?
True
Does 206 divide 32587838?
False
Does 813 divide 39750428?
False
Is 375 a factor of 859351203?
False
Does 772 divide 329884092?
True
Does 465 divide 3387833371?
False
Is 934 a factor of 42831520?
False
Does 1163 divide 201915408?
True
Does 534 divide 3092911446?
True
Is 5445113 a multiple of 2693?
False
Does 52 divide 128819184?
True
Is 27 a factor of 30466503?
True
Is 57 a factor of 192532833?
True
Is 2823101624 a multiple of 376?
True
Is 357 a factor of 5823741?
True
Is 21 a factor of 1337391364?
False
Does 45 divide 20477520?
True
Is 264798200 a multiple of 40?
True
Is 106423996 a multiple of 28?
True
Is 43 a factor of 736248504?
False
Does 99 divide 1876006044?
True
Does 21 divide 187376968?
False
Is 5427208556 a multiple of 277?
False
Does 1415 divide 1691062255?
True
Is 931624046 a multiple of 4?
False
Is 161176480 a multiple of 40?
True
Is 78 a factor of 10260510?
True
Is 17764820 a multiple of 562?
True
Is 326721622 a multiple of 1101?
False
Does 8 divide 3044236?
False
Is 39 a factor of 51332112?
True
Does 472 divide 94610069?
False
Does 10106 divide 86315346?
True
Is 912 a factor of 250209200?
False
Does 11 divide 112026442?
True
Is 20 a factor of 618840933?
False
Does 34 divide 175382862?
False
Is 36368640 a multiple of 11?
True
Does 45 divide 810376289?
False
Does 119 divide 153476444?
False
Is 17 a factor of 19789683?
True
Is 99 a factor of 1236607259?
False
Does 456 divide 869539561?
False
Is 38375532 a multiple of 54?
True
Is 31168053 a multiple of 21?
True
Is 2427 a factor of 4277362744?
False
Is 315494745 a multiple of 555?
True
Does 9 divide 35570156?
False
Does 2581 divide 3017282108?
False
Is 1365710819 a multiple of 2773?
True
Is 4 a factor of 9124348?
True
Is 29 a factor of 135621834?
False
Is 49 a factor of 26579925?
False
Does 104 divide 20491741?
False
Is 73219377 a multiple of 1617?
True
Does 176 divide 671354992?
True
Is 16572510 a multiple of 9?
True
Does 3469 divide 137549319?
True
Is 67951687 a multiple of 307?
True
Is 257 a factor of 5156705?
True
Is 1523 a factor of 158783411?
True
Is 23576762 a multiple of 1136?
False
Is 19 a factor of 88786601?
True
Is 470548152 a multiple of 1009?
False
Is 388353528 a multiple of 162?
True
Does 7 divide 710650335?
False
Is 22159092 a multiple of 228?
True
Do